 - -37?
13
What is 87 - (76 + -32) - 72?
-29
(1 + 4 - -1) + (22 - 13)
15
What is the value of -6 - 2 - (3 + -5) - (2 + -1)?
-7
What is the value of 4 + (-198 + 186 + (6 - 1) - 17)?
-20
Calculate -3 - (-14 - 0 - (-18 + -7)).
-14
Evaluate (2 + -3 - -9) + -21 - (-3 - -3).
-13
What is the value of -1 + 10 + 23 + -24 + -19?
-11
(19 - 67) + -6 - -33
-21
-2 + (3 + 0 - (-8 + 3 + 2))
4
-1 + 1 + -1 + 6 + 7 + -15
-3
Evaluate 12 + (3 - 4) + -9 + 1.
3
What is 2 + 151 + -154 + (1 - (6 - -1))?
-7
Evaluate 575 - 588 - (-4 + 3 + -5).
-7
Evaluate (-22 - -6) + (10 - 3) + 11 + 1.
3
What is the value of (7 - 11) + -1 - 10 - -7?
-8
What is (15 - (24 + -8)) + -5?
-6
Calculate (2 - (21 + -2)) + (11 - (17 - 1)).
-22
Calculate (0 + 9 - (93 - 94)) + -9.
1
What is the value of -10 - (-26 - -13 - -15)?
-12
Calculate 1 + 1 + (101 - 102) + (5 - 1).
5
Calculate -2 + (-3 - -2) - (2 + 3).
-8
Evaluate 5 + (-17 - (5 + -2 - 0)).
-15
40 - 63 - (-6 - 8)
-9
What is 5 + (-2 - -3) + 0 + (33 - 28)?
11
Evaluate 26 + -15 + (-19 - -2).
-6
Calculate 3 - (-33 - (22 + -51)).
7
-25 + -12 + -13 + -8 + 18
-40
What is the value of -8 - (2 + (1 - (5 - -1)))?
-5
Calculate (1 - -1) + -1 + (-17 - 0).
-16
Evaluate -27 + (27 - 17) + 4.
-13
(-1 - ((5 - 7) + -7 + 5)) + -10
-7
Calculate (-22 - -12 - -21) + -22 + 6.
-5
Calculate -8 - (9 + (5 + -27 - -2)).
3
What is the value of 2 + -13 - 0 - (14 + -38)?
13
What is the value of -6 - ((-21 - (12 - 14)) + 13)?
0
What is (-9 - (-17 - (0 + -5 - 4))) + 0?
-1
Evaluate (-3 - (1 + (-1 - 1))) + (33 - 19).
12
-4 + (14 - (-10 + 25)) - -13
8
585 + -570 - (7 + (1 - 0))
7
What is (15 + -25 - (-14 + 1)) + (-6 - -6)?
3
What is 12 + (-5 - (-5 - 1) - (9 + -10))?
14
What is 9 - (10 + 9) - (2 + -5)?
-7
What is -4 + 2 - (-16 + 32 - 19)?
1
What is 1 - -17 - (240 + -215)?
-7
What is -14 - (-7 - (-8 + 7))?
-8
What is (-20 - (-1 + 0)) + -581 + 592 - 5?
-13
-15 + (-28 - (-18 + 1))
-26
Calculate (5 - (-8 - -5)) + (-37 - -32).
3
-7 + (10 - (4 - 3))
2
What is 22 + (-20 - (22 + 14))?
-34
(13 + (9 - 20) - -2 - 8) + -11
-15
What is the value of -4 - -3 - ((0 - -4) + -24)?
19
11 - (-7 - -7) - -6
17
What is (-11 - -18) + -10 + 3 + 3 - -10?
13
Calculate 36 - (-19 - -27) - 2.
26
What is -1 + (-9 - -16 - (1 + 12))?
-7
Evaluate -11 + -5 + (32 - 14) - -2.
4
Calculate (0 - 2) + -1 + -1 + -1 + -7.
-12
1121 + -1105 + -20 + -1
-5
What is -1 + -5 + -7 + 9 + -8?
-12
Calculate -1 + 19 - (443 - 420).
-5
What is the value of -14 + 35 + -14 + -29?
-22
Evaluate 0 - (-5 + 6 + -8 + -1).
8
What is the value of -8 + (-11 - -21) + 8 - -5?
15
Evaluate (14 - (16 - 5)) + 8 - (-10 + 4).
17
Evaluate 16 + -2 + (-13 - -22) + 2 + 6.
31
Calculate -5 + -13 + 8 + -4.
-14
Evaluate -8 + (1 + 2 - -7) - (-72 + 34).
40
Evaluate 7 - (9 + (2 - (-3 + 8))).
1
35 + -25 + -2 + 5 + -4
9
Calculate 26 - 25 - 4 - 13.
-16
Calculate -2 - (18 + -13 + -7).
0
What is (-1 - -4) + (162 - 169)?
-4
Evaluate (-11 - 4 - 5) + 4 + 49.
33
Calculate (6 - 1) + (12 - (-1 - 2)).
20
What is -1883 + 1887 - ((1 - -1) + -23)?
25
Evaluate -10 + (13 - -4) + -14 - -15.
8
22 + 6 + -29 + -16
-17
Calculate -45 - (14 + -36) - (4 - -1).
-28
Calculate 2 + (17 + -1 + -7 + 1 - 13).
-1
What is the value of -32 - -9 - 2 - -9 - -7 - 1?
-10
Calculate 31 + 0 + -32 + 4.
3
4 - 6 - -2 - 2
-2
What is 0 - (8 - (22 + -12))?
2
What is the value of -3 + -12 + 6 + 2 - 6?
-13
Evaluate 18 - ((9 - 37) + 78).
-32
Calculate -17 - (4 + 9) - (-3 + (0 - 1)).
-26
What is the value of -66 - -82 - (0 + 3) - (1 + 3)?
9
Evaluate 18 + -4 + 7 + 7 + -5.
23
Calculate -97 - -95 - (-1 + 9 + -1).
-9
What is (1 - 7 - 3) + (15 - -4) - -7?
17
What is (7 - (8 + -25)) + -29?
-5
Evaluate 0 - 5 - (41 + -10 + -18) - -6.
-12
What is the value of (-1 - 1) + -4 - 1 - (19 - 51)?
25
9 + -2 + (-1 - 1) - (-60 + 67)
-2
1 - -2 - (63 + -82)
22
Evaluate 4 - (-8 + -9 + 2 + 4).
15
What is the value of (-20 - -16) + 2 - -16?
14
Evaluate (-9 - 0) + 138 + -129 + (-3 - 8).
-11
Calculate -4 + (4 - 10 - -7) + 12 + -3.
6
What is -4 + 3 - (20 + -39)?
18
Calculate (1 - 0 - (17 - 24)) + 2.
10
22 - 8 - (47 - 40)
7
-6 + 7 + -6 - (-6 - -8)
-7
Calculate (10 - (1 - 1)) + (78 - 75).
13
Calculate -14 + 23 + 11 - 5.
15
1590 + -1604 + (2 + 0 + 0 - 5)
-17
What is -9 + (-6 + 5 - 4 - -14) - 0?
0
What is the value of -11 - ((-4 - -4) + (-4 - 7 - -12))?
-12
Calculate (23 - 29 - -13) + 7 + (0 - 1).
13
30 - (0 - (-7 - 13))
10
What is the value of 2 + -5 + -12 + -3 + 9 - -33?
24
-34 + 71 - (64 + -6)
-21
Calculate -11 - ((5 - (18 + -9)) + -1).
-6
What is (15 - (10 - (18 - 16))) + (11 - 1)?
17
What is the value of -6 + 7 + -3 + (10 - 19)?
-11
-13 + 14 + (-3 - -2) - -19
19
Calculate 44 + -30 - (-1 - -2 - (0 - 1)).
12
Calculate -3 + (-16 + -5 - -10) + 8.
-6
(-1 - -16) + (12 + -16 - 6)
5
Evaluate 3 + -6 - ((4 - (17 + -10)) + 0).
0
What is the value of -7 - 0 - (-230 + 252 - (-1 + 14))?
-16
25 - ((-11 - -19) + 23)
-6
What is -14 + -1 - (262 - 252)?
-25
What is the value of 2 - (-2 - ((4 - (-1 + -1)) + -1))?
9
-16 + (16 + 1 - 0)
1
Evaluate -26 + (-4 - (7 + -12)) + 0.
-25
What is -5 - (-1 - 5 - -27 - 1) - 3?
-28
Evaluate 8 + (9 - (12 - 9 - -2)).
12
What is -9 - (-2 + (-12 - -1) + 3 + 8)?
-7
Evaluate (5 - (31 - 13)) + 18 + -6.
-1
(38 - 26 - (2 + 7 + -6)) + -40
-31
What is the value of 2 - ((-19 - -39) + -27)?
9
Evaluate -7 + 15 - (-12 + (26 - 10)).
4
What is the value of -14 + (-16 - -26) + -5?
-9
Calculate 7 - (-5 - -30) - -2 - (3 - -4).
-23
Evaluate (32 - (0 - -4)) + (211 - 212).
27
What is 1 + -21 + 23 + 9?
12
What is the value of (-2 - -20) + (8 + -8 - (1 + 3))?
14
Evaluate -21 - (-18 - 3) - (36 + -1).
-35
What is the value of -64 + 1 + 48 - (16 - 0)?
-31
Calculate 1 + (10 - (0 + 7)) - -2.
6
What is 17 + (6 - 16) + -15?
-8
What is the value of (21 - 17) + (1 - 6) - (-5 - -15)?
-11
Calculate 7 + -8 + (-6 - -4) + -1 + 10.
6
What is the value of (11 - (1 + 16)) + (1 - -3) + 2?
0
What is 7 + -5 + -2 + 18 + -39 + 45?
24
Evaluate 95 - 78 - (38 + -3).
-18
Calculate 6 - (5 - (20 + -1 + -8 + -3)).
9
Evaluate -37 + 24 + (1 - -39) + -8.
19
(3 - 8 - -13) + -23
-15
Evaluate 2 + 3 + 4 - (17 + -14).
6
Evaluate 4 - (0 + -5 + -72 + 79).
2
Calculate 15 + (-14 - 0) + 8 + (1 - 11).
-1
Evaluate 8 - -3 - 5 - (-2 + 2).
6
What is (4 - -18) + (-8 - (-3 - -1)) + -6?
10
Calculate -12 + 20 + (8 + -5 - 21).
-10
What is (8 - (35 - 27)) + 1 + -6 + 1?
-4
What is the value of -11 - ((11 - 11) + -10)?
-1
Calculate 198 + -194 - (0 + 10 + -2).
-4
What is 5 - (-12 + -2 + 23)?
-4
What is the value of (-75 - -89) + -9 + -1 - (0 - 12)?
16
2 + (1 + 1 + -6 - (-8 + -1))
7
44 + -49 + -3 + -9 - (4 - 5)
-16
-22 + (11 - -9) - (-2 - 7)
7
Calculate (12 - 14) + (-22 - (-2 - (-5 - -11))).
-16
Calculate (-56 - -24) + -12 - -25.
-19
((-5 - -6) + -5 - 4) + -2 + 6
-4
What is 7 - 1 - 2 - (32 - (-5 + 11))?
-22
What is the value of (249 - 223) + -2 + -12?
12
(-1 + (36 - 19) - 15) + 8
9
What is the value of 2 + 1 + -30 - -2 - (1888 + -1889)?
-24
-4 + (6 - -1) + -53 + 65
15
Evaluate 1 - (-8 + -7) - 6 - -6.
16
What is 23 + -42 + 56 + -1?
36
(-1221 - -1185) + (3 - -1)
-32
What is -1 + (69 - 78) + (1 - -42)?
33
Calculate 6 + (-6 - (-5 - -1)) + -4.
0
What is 50 - (-16 - -45) - 51?
-30
Calculate 9 + -20 + 1 - -2.
-8
What is the value of 1 - 11 - (-36 - -12)?
14
What is the value of -1 - -1 - -2 - (19 - (-1 + 10))?
-8
What is 1 - 0 - (5 - (8 + 15 + -12))?
7
7 - -1 - (-46 + 40)
14
What is -21 + (26 - 10 - 3) + -2 + -1?
-11
What is the value of (-5 - (8 - (-3 + 3)) - 2) + 2?
-13
What is the value of 29 + 1 + 3 + -14 + 1?
20
18 + (-20 - -37) + -10
25
Evaluate 28 + 0 + -3 + -4.
21
4 - (6 + -2 - 4)
4
Evaluate (-242 - -250) + (11 - -1).
20
What is (-3 - 6) + (-13 - -12) + 1 + -1?
-10
What is 2 + -10 + (-16 - -18) + 9?
3
What is the value of 11 - (6 - (3 + (-1 + 2 - -4)))?
13
(-33 - -24 - (-2 - 6)) + -8
-9
Calculate -14 + -12 + 23 + -15.
-18
11 - (10 - (4 + -10))
-5
What is -15 + (32 - 5) - (2 - (-1 - 1))?
8
Evaluate (-16 - -2) + 5 + 3.
-6
What is the value of -7 + (0 - 12 - (-198 - -186))?
-7
What is -26 + (0 - 2) + -2 + 13?
-17
2 + -12 - (7 + -13 - -3)
-7
(1 - (-2 - -1)) + 4 + -9 - 7
-10
12 - ((3 - 16) + 17)
8
(6 - 3 - 5) + 247 + -225
20
What is the value of (-27 - -34) + 0 + 0 + -3 + 0?
4
(18 + 35 - 48) + (2 - 33)
-26
-14 + (-17 - -32) - -4
5
Calculate 1 - (-12 - -1) - ((-10 - -6) + -16).
32
What is the value of (-4 